
Suppose 4*o - 849 = 515. Is o prime?
False
Suppose 7 = f + 5*b, 2*f + 4*b - 34 + 14 = 0. Suppose f = -0*g + 2*g. Suppose -14 = -g*x + 5*x + y, -68 = -5*x + 3*y. Is x a prime number?
True
Let r be (-3)/((-14)/4 - -2). Suppose -2905 = -5*d + r*w, -4*d + 2199 = -w - 128. Is d prime?
False
Suppose 5*i = 2*p - 838, 0*i = 2*i + 8. Is p a prime number?
True
Let j = -69 - -102. Is j composite?
True
Suppose q - 33 = 56. Is q prime?
True
Suppose -5233 = -5*u + 3*n, u - 4*n - 643 - 390 = 0. Is u prime?
True
Let b(x) be the third derivative of -151*x**4/12 - x**3/6 - 6*x**2. Is b(-1) composite?
True
Let r = 6 - 4. Suppose -5 = -r*i + 3. Is i prime?
False
Suppose 255 = i + 5*z + 9, -3*i + 5*z = -758. Is i composite?
False
Let t = 80 + -46. Suppose 0 = -2*n - 15 - 23. Let g = n + t. Is g a composite number?
True
Let p(x) be the first derivative of -3*x**2/2 + 3*x - 2. Let f = -34 + 22. Is p(f) a composite number?
True
Suppose 4*o + 5*l = 853 + 386, -o = 2*l - 306. Let r = 621 - o. Is r prime?
False
Let c(i) = 2*i**3 - i**2 + 4. Let l be c(-4). Let p = l + -109. Is (-1)/(2 - (-501)/p) a prime number?
True
Is (0 - (-67 + -1)) + -1 a prime number?
True
Let r = 10 - 4. Is ((-68)/r)/(6/(-99)) composite?
True
Is 4/2 + 2 - -129 composite?
True
Suppose -3*p + p + a = -5259, -2*p + 5253 = 5*a. Is p prime?
False
Let p(l) = 6*l**2 + 9*l + 28. Is p(21) a composite number?
True
Let q(p) = -p - 6. Let v be q(-8). Suppose 0 = 2*h + 2*r + 6, -h - 3 = -v*h + r. Suppose c - 2 = -h*c. Is c a composite number?
False
Let c(a) = -a + 4. Let h be c(5). Let w be (-3 + (-16)/(-6))*-762. Is (w/4)/(h/(-2)) composite?
False
Let y(v) = -v - 7. Let j be y(-12). Suppose -2*o + 264 = -5*z, 3*o - 218 - 153 = -j*z. Is o composite?
False
Suppose -3*i = -124 - 257. Is i composite?
False
Suppose 3*y - 4678 = r, y - 1666 = -2*r - 109. Is y composite?
False
Suppose -4*y + 13 = -7. Suppose -3*l - 17 = -2*c + 170, 0 = -2*c - y*l + 163. Is c a prime number?
True
Let a(n) = -23*n + 9. Let o(z) = -23*z + 10. Let i(u) = 6*a(u) - 5*o(u). Is i(-5) prime?
False
Let r(f) be the second derivative of -f**4/12 - 7*f**3/6 - 5*f**2/2 - f. Let v(a) = 2*a + 10. Let s be v(-7). Is r(s) a prime number?
True
Let l = -15 + 148. Is l a composite number?
True
Let w(g) = -7*g. Let i be 2/(-1)*30/12. Is w(i) a composite number?
True
Suppose -3*a = -5*i - 131, -3*i + 8*i - 205 = -5*a. Suppose x - 51 = -5*u + 6, -2*x + a = 4*u. Let s = u + 25. Is s prime?
True
Let b be -2*(2 - (-1)/2). Let j(o) = -o - o + 3*o + 4 - 4*o. Is j(b) prime?
True
Suppose 292 + 209 = 3*h. Is h composite?
False
Let j(y) = 5*y**2 - 1. Let b(q) = q**2 - 9*q + 10. Let o be 7*(-2 + 3)/1. Let r be b(o). Is j(r) prime?
True
Let i be (-20)/6*(-3)/2. Suppose -234 = -i*n + 41. Is n prime?
False
Suppose 0*y + 6 = 2*y. Suppose -9*o = -4*o, 3*o = y*i - 111. Is i composite?
False
Is 268 + -4 + -3 + -2 prime?
False
Let u be 3*(1 + (-140)/(-3)). Suppose 5*i + u = 4*g, 0*g - i = g - 38. Is g a composite number?
False
Suppose 2*b - 940 = 4*x, b + 2*x - 474 = -0*b. Suppose 0*z + 4*z = b. Is z prime?
False
Let r be (-599)/(-4) + 5/20. Is r + 0 + (-2)/2 a composite number?
False
Suppose 4*t = -3*k + 3*t + 34, 5*k + 2*t - 58 = 0. Let w = k + -7. Suppose -7 = w*d - 70. Is d a composite number?
True
Let t = -7 - -13. Let s = t + -4. Suppose 4*g - 5*b = g + 72, 0 = -s*b - 6. Is g a composite number?
False
Let s = -9 + 13. Suppose 5*x - 3*u = -2*u + 170, 0 = x + s*u - 55. Is x composite?
True
Let y be 10*(3/(-2) + 2). Suppose 3*g = y*x + 72, -3*g - g + 96 = -3*x. Let i = g - 14. Is i a prime number?
False
Let s(x) be the third derivative of x**6/120 - x**5/15 + 7*x**4/24 - 7*x**3/6 - 7*x**2. Is s(8) prime?
False
Suppose 2*j + 566 = -0*j. Let z = j - -187. Let m = 170 + z. Is m a composite number?
True
Let s = 56 + -99. Let b = -22 - s. Is b a composite number?
True
Let f(b) be the third derivative of -b**6/120 - b**5/20 - b**4/4 - 5*b**3/6 - 2*b**2. Let d be ((-3)/(-2))/(9/(-24)). Is f(d) composite?
True
Let r(q) = q**2 - q + 4. Suppose 2*y = -0*y. Let z be r(y). Suppose -z*i + 155 = i. Is i prime?
True
Suppose -11*z = -7*z, 4*z = -5*w + 12715. Is w a composite number?
False
Suppose -318 = -3*n - 3*n. Is n composite?
False
Let j = 387 + 148. Is j composite?
True
Suppose 2*g - 2 - 4 = 2*s, 3*s = -3*g + 9. Suppose s = i - 0*i - 2*f - 197, 828 = 4*i + 2*f. Is i a prime number?
False
Let o(t) = -5*t**3 + 3*t**2 - 5. Let k be o(4). Let h = k - -466. Let j = h + -100. Is j prime?
True
Let p(g) = -3*g + 4*g**2 - 3 + 2*g**3 + 3*g. Suppose -13 = -3*z - 4. Is p(z) prime?
False
Suppose -b + d = -455, -2*d + 1358 = 3*b + 2*d. Let v = b - 203. Is v a composite number?
False
Suppose 2*r + a = 193, -4*a = -0*r + 5*r - 487. Is r prime?
False
Suppose 0 = -t + 6*t + 15. Let a be (-3)/(t/(-12) + -1). Suppose 2*l + 2*z = -z + 172, 0 = -2*z + a. Is l a prime number?
True
Let b(x) = -x**2 - 8*x + 6. Suppose 5*w - 5*s - 30 = 0, -4*s - 30 = w - 6*w. Suppose w*f - f + 44 = -3*n, f - n + 4 = 0. Is b(f) a composite number?
False
Suppose -3505 = 48*u - 53*u. Is u a composite number?
False
Suppose -2*m + 2*u + 19 = m, 0 = -m + 2*u + 1. Suppose 2*c - 754 = 4*h, m = -5*h - 6. Is c composite?
True
Suppose -4*l - 3*x + x = 0, -12 = 2*l + 4*x. Suppose 0 = -7*i + l*i + 470. Is i composite?
True
Let x = 1995 - 1304. Is x a composite number?
False
Let t(o) = 6*o**2 + 6*o + 6. Let i be t(-4). Let k = -40 + i. Is k a prime number?
False
Suppose 3*m = 4735 + 1850. Is m prime?
False
Suppose 3*g + 2 = 4*g. Let d be (-1)/g - 1274/(-4). Is d/15 - 4/20 prime?
False
Suppose 3 - 2 = z + i, -5*z = 4*i - 9. Suppose -3*m = -5*l + 61, z*m + 7 = 4*l - 47. Is l composite?
False
Suppose -3*r + 207 = -54. Is r composite?
True
Suppose 0 = n + 6 - 0. Let a(t) = 2*t**2 + 4*t + 7. Is a(n) a composite number?
True
Let c be -5 + (2 - -1)/3. Is (-5)/((c/(-43))/(-4)) prime?
False
Let t be (3/(-2))/((-3)/8). Suppose 0*c + 3*c = -3*g - 12, -4*g + c + t = 0. Suppose g = -4*h - 11 + 239. Is h a prime number?
False
Let j = 204 + 235. Is j prime?
True
Suppose -4*v = -0 + 4, -5*r + v + 11 = 0. Let k = 41 + r. Let o = k - 24. Is o a composite number?
False
Suppose 0 = 4*f - t - 951 - 394, 2*f - 695 = 5*t. Is f a prime number?
False
Let y be (-170)/(-45) - 2/(-9). Let m(i) = -i**3 + 4*i**2 + 5*i + 2. Is m(y) composite?
True
Suppose -4*l - 124 = 3*x - 875, -757 = -3*x - l. Is x a prime number?
False
Is ((-17606)/(-8))/((-7)/(-28)) composite?
False
Let n(h) = 4*h**2 - 1. Let k be n(-10). Suppose -10*m + 13*m - k = 0. Is m prime?
False
Let c(n) = -2*n + 177. Is c(0) prime?
False
Let h = 0 + 5. Suppose 2*j = 3*x + 102 - 12, -2*j + h*x + 82 = 0. Is j composite?
True
Suppose -2*q - 2*d = -358, 7*q - 3*q + 2*d = 726. Suppose 0*a + 3*a - 4*j - 115 = 0, 0 = 5*a + j - q. Is a prime?
True
Let q = -541 + 309. Let z = -147 - q. Is z a composite number?
True
Suppose -3*c - 5*v - 290 = 0, -5*c + 6*v = 2*v + 434. Let i = c - -143. Is i composite?
False
Let s = 121 + 130. Is s a prime number?
True
Let v = 1192 + -703. Suppose 3*l - 6*l = -v. Is l a composite number?
False
Let h = -115 - -728. Is h prime?
True
Let f = 2 + 0. Let h be (4/5)/(f/15). Suppose 4*o - 4*z = 176, -h*o - z + 238 = -o. Is o a prime number?
True
Suppose 6477 = 7*b - 3050. Is b prime?
True
Let x(c) = 2*c + 3. Let q be x(6). Suppose -28 = -3*y + 3*t + t, -2*t - 4 = y. Suppose 0 = -3*g + 2*k + 3, -2*g + q = y*k - k. Is g a prime number?
True
Let h be 0 + 2 - (-456)/(-4). Let g = 35 + 162. Let c = g + h. Is c a composite number?
True
Let f(g) = g - 1. Let d(x) = -16*x - 4. Let y(o) = d(o) - 4*f(o). Let q be y(7). Is ((-10)/(-8))/((-5)/q) a composite number?
True
Let s be 5 + -350 + 6/2. Let y = s - -857. Is y prime?
False
Suppose 97 + 2156 = 3*f. Is f prime?
True
Let x(r) = 7*r**2 + 6*r**2 + 5*r**2 - 7*r**2. Let p be x(-1). Let w(n) = -n**2 + 13*n + 16. Is w(p) a composite number?
True
Suppose 0 = -3*r + 7*r. Let a(v) = v**3 + v**2 + v. Let k be a(r). Suppose k = n - 73 - 6. Is n a composite number?
False
Let k(t) be the first derivative of -127*t**2/2 + 2. Is k(-1) composite?
False
Let x = 151 - -109. Suppose 2*k = -2*k + x. Is k a prime number?
False
Let b(s) = 4*s**2 - 6*s + 2. Is b(2) a prime number?
False
Let t be (-88)/(-10) + (-4)/(-20). Suppose t = 3*i, 3*a - 2*i - 153 = 519. I